0, 4*p - 5*a + 3 = 27. Suppose -4*i - p = 18. What are the prime factors of 2 + i - -1*118?
2, 3, 19
Let l(d) = 130*d**2 - 1. Let k be l(1). Suppose -3*v + 43 = -4*y - 115, -3*v + 159 = -3*y. Let j = k - v. List the prime factors of j.
3, 5
Suppose -2*t - 8 = j, -4*j + 1 = -t - 3. Suppose j = 2*s - 3*s + 2*l + 36, -2*l + 140 = 3*s. Suppose 3*n - 2*n = s. What are the prime factors of n?
2, 11
Suppose 9 = 22*d - 101. Suppose 2*s = d*w - 1257, -6*w + 2*s = -2*w - 1004. List the prime factors of w.
11, 23
Let g(a) = a**3 - 37*a**2 + 89*a - 29. List the prime factors of g(40).
3, 2777
Let o(n) = -2*n**3 + n**2 - 2*n - 5. Let a be o(-4). Suppose 2*j = -6, a = 4*h + j + 42. What are the prime factors of h?
3
Let u(a) = a**3 + a**2 - 4*a - 1. Let j be u(-3). List the prime factors of j*(-6)/(-12)*-86.
7, 43
Let m(f) = 5*f**3 - 40*f - 51*f - f**2 + 4 - 4*f**3 + 17*f**2. List the prime factors of m(-19).
2, 5, 13
Suppose 4*f - 5*q = 28987, 25*f - 22*f - 2*q = 21735. What are the prime factors of f?
7243
Suppose -14*c - 8*c = -88. Suppose -2*w = -c*x - 3492, -4*w = -3*w - 4*x - 1748. List the prime factors of w.
2, 109
Suppose 15*u = 9*u. Suppose -4702 = -u*q - 4*q + 5*z, -3*z + 3540 = 3*q. Suppose 0 = 5*v - 3*o - q, 4*v + v - 1177 = 2*o. What are the prime factors of v?
5, 47
Suppose 0 = 9*m + 70*m - 112812. List the prime factors of m.
2, 3, 7, 17
Suppose -19*u = -16*u - 204. Let b = u + -45. Suppose -b - 4 = -3*y. What are the prime factors of y?
3
Let n(i) be the second derivative of 7*i**4/6 - i**3/3 + 3*i**2 + 2*i. Let z be n(-3). Suppose z = 2*l + 34. What are the prime factors of l?
2, 13
Let q(a) = -a + 20. Let f be q(17). Suppose 4*m = 4, -5*u - f*m = -m - 6422. What are the prime factors of (6/9)/(u/639 + -2)?
71
Suppose 2*m = -2*t + 13054, -7*m = -3*t - 5*m + 19576. List the prime factors of t.
2, 13, 251
Suppose 5*g - 33*g + 140 = 0. Suppose 0 = g*u + 2*b - 33 - 1117, 2*u - 454 = -2*b. What are the prime factors of u?
2, 29
Let h(p) = p**3 + 47*p**2 - 38*p + 61. What are the prime factors of h(-46)?
5, 157
Let b be (-836)/(1*(-2 - -1)). Suppose 18*d - b = 14*d. List the prime factors of d.
11, 19
Let k be 3132/288 + 2/16. Suppose -a - 9*f = -k*f - 421, -5 = f. What are the prime factors of a?
3, 137
Let i = -625 + 1304. Suppose -3*o = i - 2785. List the prime factors of o.
2, 3, 13
What are the prime factors of 180/(-42)*34118*(-6)/24?
3, 5, 2437
Suppose 51*u - 52*u - 5*o = -7814, 16 = -4*o. List the prime factors of u.
2, 3917
Let g(v) = -61*v**3 + 14*v**2 - 20*v - 165. What are the prime factors of g(-5)?
2, 5, 7, 113
Let c(q) = -14*q - 18. Let l be c(-3). Let d = l + -22. Suppose -a = -d*a + 75. List the prime factors of a.
3, 5
List the prime factors of 5/60*-3 - (-157480)/32.
7, 19, 37
Let y = -152 - -155. Suppose -5*m + 4*q + 1695 = 0, 3*m + q - 985 = -y*q. What are the prime factors of m?
5, 67
Let v(z) = 557*z**2 - 47*z - 322. What are the prime factors of v(-5)?
2, 11, 17, 37
Suppose -7*i = -3*i - 3*u, 3*i = -2*u + 17. What are the prime factors of 1*2 + -12 + 1314/i?
2, 107
Let u(y) be the first derivative of 289*y**2/2 + 15*y - 157. List the prime factors of u(2).
593
Let h(l) = 80*l - 7. Let y be h(-3). Let k = y + 581. List the prime factors of k.
2, 167
What are the prime factors of 84*((-4)/(-74) - 52351/(-1443))?
2, 7, 109
Let k = 395 + 21. Let c = -216 + k. List the prime factors of c.
2, 5
Suppose 28*a = -0*a + 263340. List the prime factors of a.
3, 5, 11, 19
Let z(s) be the second derivative of 79*s**3/6 + 58*s**2 + 4*s - 4. What are the prime factors of z(6)?
2, 5, 59
Suppose 2*i = -23*q + 26*q + 24135, -5*i - 5*q = -60350. List the prime factors of i.
3, 149
Let m = 512 + -503. What are the prime factors of 2049/m*9/3?
683
Let k(t) = -t**2 - 12*t - 10. Let j be k(-10). Let i(c) = -5 - 5 - 10*c + 16*c. What are the prime factors of i(j)?
2, 5
Let s = -35 + 37. Let f(d) = -4*d**2 - 4 - 9*d - 9*d + s*d + 6*d**2. What are the prime factors of f(12)?
2, 23
Let o(v) = 8*v**3 - v**2 - 4*v + 5. Let k(g) = 4*g**2 + 4*g + 3. Let a be k(-1). List the prime factors of o(a).
2, 5
Suppose 2578 + 5918 = 3*n. Suppose 25*x - 33*x + n = 0. What are the prime factors of x?
2, 3, 59
Let p(t) = -4*t**3 + 11*t**2 + 36*t + 357. What are the prime factors of p(-10)?
3, 1699
Let w be -7 + 8/10*10. Let p(y) = 456*y**3 - y + 2. What are the prime factors of p(w)?
457
Let i be (-84)/18*36/(-14). Let k(s) = 6*s**2 + i*s**2 + s**3 - 5 - 2*s + 17*s. List the prime factors of k(-17).
29
Let a = 47 + -35. Let c(o) be the third derivative of o**5/20 - 13*o**4/12 + 8*o**3/3 + 14*o**2. List the prime factors of c(a).
2, 17
Let f = -1567 + 4760. What are the prime factors of f?
31, 103
Suppose 838 = 2*g - 6*r + 7*r, -5*r = 3*g - 1271. List the prime factors of (g/6)/(3/(-6) + 1).
139
Suppose 55*u - 49*u = -6. What are the prime factors of 744 - u*(-1 - 2)?
3, 13, 19
Let a = 2152 - -16794. What are the prime factors of a?
2, 9473
Let b = 8330 + -3855. List the prime factors of b.
5, 179
Suppose -40*s = -112536 - 61384. List the prime factors of s.
2, 1087
Let p be (4 - (3 + 0)) + -8 - -5. List the prime factors of (p - 336)*(-1)/2.
13
Let s = 233370 - 153953. List the prime factors of s.
13, 41, 149
Let h(y) = y**2 - 30*y + 110. Let c be h(26). Let u be (3 - 2) + 4/1. Suppose c*w - u = 5*w. What are the prime factors of w?
5
Suppose 4*j - 18957 = -3*r, 7697 = 2*j + 5*r - 1778. What are the prime factors of j?
2, 3, 5, 79
What are the prime factors of ((751095/12)/5)/((-153)/(-24) - 6)?
2, 16691
Let n(m) = -60*m - 21. Suppose 7*j - 6*j + 8 = 0. Let d be n(j). Suppose -2*u - 2*u = 3*p - d, 4*p - 605 = -3*u. What are the prime factors of p?
149
Let d be (-8)/120*5 + (-15800)/(-6). Suppose 12*k + 449 = d. List the prime factors of k.
2, 7, 13
Let s be (3/5)/(4 - (-1996)/(-500)). Suppose -2*p + 17*p = s. Suppose -d = 3*d - 5*f - 444, -p*d + f + 555 = 0. List the prime factors of d.
3, 37
Let b(u) = -31*u - 53. Let w be b(-16). Suppose 5*s - 17 = -5*c + w, 0 = -2*s - 3*c + 182. List the prime factors of s.
2, 47
Suppose 3*u = 19 + 584. Suppose 0 = -3*v, 282 + 65 = o + 3*v. Let t = o - u. List the prime factors of t.
2, 73
Suppose 9*r - 24*r + 7035 = 0. What are the prime factors of 5 + (-1 - 4) + r?
7, 67
Suppose 49 = 4*w - q, 3*w = q + 40 - 3. What are the prime factors of (-28)/w + (-4)/6 - -342?
3, 113
Suppose 0 = 6*m - 2*t - 23234, -2*m - 17*t + 13*t + 7740 = 0. What are the prime factors of m?
2, 11
Suppose 19*l = -2*g + 17*l + 1714, -3*g + 2551 = -2*l. List the prime factors of g.
853
Suppose 0 = -24*g - 54*g + 19*g + 363145. List the prime factors of g.
5, 1231
Suppose 99*h + 286143 = 186*h. List the prime factors of h.
11, 13, 23
Suppose -4*r - 44 = -3*r. Let b = 48 + r. Suppose 42 + 130 = 2*x - b*a, -4*a = -x + 76. List the prime factors of x.
2, 3
Let k(o) = -2571*o - 1583. List the prime factors of k(-7).
2, 29, 283
Suppose -4*y = -2*h + 43650, 4*h - 5*y - 98278 = -10981. List the prime factors of h.
139, 157
Let o(t) = -102*t + 782. What are the prime factors of o(-41)?
2, 17, 73
Let k = 21330 + -7453. What are the prime factors of k?
13877
Let w = -1635 - -2795. Suppose 18*p - 10376 + w = 0. List the prime factors of p.
2
Let t = -12333 - -34480. List the prime factors of t.
22147
Suppose -15776 = 357*k - 391*k. List the prime factors of k.
2, 29
Suppose -6*t = -2*t - 112. Let z(o) = 2*o**2 + 16*o + 37. Let k be z(-3). Suppose 2*r - 7*s = -2*s + t, r = -s + k. What are the prime factors of r?
3
Let c = 584 + -648. What are the prime factors of (-6)/(-16) - 53736/c?
2, 3, 5, 7
Suppose 2*i - 2 = 2. Let p(r) = -i*r + 95 - 34 - r - 51. List the prime factors of p(-7).
31
Suppose 3747660 = 209*w - 3979828 + 2381895. What are the prime factors of w?
25577
Let k(x) = -16*x**3 + 46*x**2 + 49*x - 39. List the prime factors of k(-16).
7, 223
Let u = 1512 + 2262. List the prime factors of u.
2, 3, 17, 37
Suppose -4*o = 3*j - 11399, 0 = -17*o + 19*o + 3*j - 5689. What are the prime factors of o?
5, 571
Let q be 5*(5/10 + 13/(-10)). Let n be q/(48/(-39)) - 2/8. Suppose n*t - 414 = -123. What are the prime factors of t?
97
What are the prime factors of 9592 - 148/111*(-3)/2?
2, 3, 13, 41
Let r(a) = 52*a**2 - 11*a + 5. Let y be r(-5). Suppose 3*b - y = -b. Li